ghest common factor of 2700 and 31406400.
2700
What is the highest common divisor of 1593473 and 57?
19
What is the greatest common divisor of 180240 and 250680?
120
Calculate the greatest common factor of 62375325 and 55275.
5025
Calculate the greatest common divisor of 2950754 and 4606.
94
What is the greatest common divisor of 1567696 and 624?
208
Calculate the highest common divisor of 22245 and 77220.
15
What is the greatest common divisor of 77574162 and 1122?
102
Calculate the greatest common divisor of 133067970 and 15.
15
Calculate the greatest common factor of 2976996 and 2090.
418
Calculate the greatest common factor of 225639631 and 9002.
4501
Calculate the greatest common factor of 5555 and 347837435.
5555
Calculate the highest common factor of 2017133 and 11.
1
What is the highest common factor of 16 and 23822320?
16
What is the greatest common divisor of 56584684 and 377?
377
What is the greatest common factor of 2704 and 1190696?
104
Calculate the highest common factor of 176 and 41293604.
44
Calculate the highest common divisor of 90333735 and 28440.
1185
Calculate the greatest common divisor of 1816770366 and 522.
522
Calculate the highest common divisor of 82368063 and 81.
27
Calculate the highest common divisor of 2943048 and 1066542.
894
Calculate the greatest common divisor of 106677698 and 14.
2
Calculate the highest common divisor of 1656 and 4053528.
72
What is the highest common divisor of 181902167 and 1?
1
What is the greatest common divisor of 67872 and 15554?
1414
What is the greatest common factor of 10554 and 1992?
6
What is the greatest common divisor of 1891263 and 1829069?
2827
What is the greatest common divisor of 543490 and 789820?
3910
What is the greatest common factor of 923214 and 4343997?
3057
What is the highest common divisor of 200806306 and 20166?
6722
Calculate the greatest common factor of 3536 and 26123968.
3536
Calculate the highest common divisor of 497596 and 48392.
1052
Calculate the highest common factor of 29295 and 12656835.
1395
What is the greatest common factor of 23024 and 24624?
16
What is the highest common divisor of 507800 and 1140?
20
Calculate the highest common factor of 298 and 196526977.
149
Calculate the greatest common divisor of 13560057 and 1722.
21
Calculate the greatest common factor of 217050 and 11400.
150
What is the highest common factor of 38 and 78547976?
38
What is the greatest common divisor of 4497 and 41748649?
1499
What is the greatest common divisor of 9823320 and 56160?
4680
What is the greatest common factor of 86485 and 700705?
1765
Calculate the highest common divisor of 173685 and 18240.
15
Calculate the highest common divisor of 78825932 and 20245.
4049
Calculate the highest common divisor of 233000 and 589024.
1864
Calculate the highest common divisor of 106598228 and 8092.
1156
What is the greatest common factor of 4639744 and 8668?
788
Calculate the greatest common factor of 20781373 and 1719.
191
Calculate the greatest common factor of 59182404 and 44436.
6348
Calculate the greatest common factor of 10198524 and 110316.
3804
Calculate the greatest common divisor of 3804720 and 31360.
80
Calculate the greatest common factor of 21 and 16906337.
7
Calculate the highest common factor of 3 and 17339175.
3
What is the highest common factor of 2171115 and 25?
5
Calculate the greatest common factor of 19058215 and 128185.
4135
What is the greatest common divisor of 1 and 1488387?
1
Calculate the greatest common divisor of 8640020 and 40.
20
Calculate the greatest common factor of 29900070 and 1480.
370
What is the highest common factor of 9114623 and 399?
133
What is the greatest common divisor of 6231 and 4312857?
201
What is the greatest common divisor of 86476 and 357545?
1663
Calculate the greatest common divisor of 103194 and 2727.
27
What is the highest common factor of 121 and 300227741?
121
Calculate the highest common divisor of 1229 and 4453793993.
1229
Calculate the highest common factor of 827838 and 8426.
22
What is the highest common factor of 1075 and 28937325?
25
Calculate the greatest common factor of 12987 and 10693.
37
What is the greatest common divisor of 1181 and 433?
1
What is the greatest common factor of 7123 and 840361?
17
Calculate the greatest common divisor of 6089475 and 172725.
3675
Calculate the greatest common factor of 528 and 87060336.
528
What is the greatest common factor of 354925 and 415?
5
What is the greatest common divisor of 1397508 and 5109?
393
What is the greatest common factor of 1130780 and 5320?
140
Calculate the greatest common divisor of 88 and 72769576.
88
What is the highest common divisor of 1294930322 and 14?
14
Calculate the greatest common factor of 230 and 3497035.
115
What is the highest common divisor of 134586 and 127836?
18
Calculate the greatest common divisor of 12 and 537077730.
6
Calculate the highest common factor of 128115778 and 43394.
3338
What is the highest common factor of 3311 and 537229?
77
What is the greatest common divisor of 2719624 and 944?
8
Calculate the highest common divisor of 20634 and 529083272.
6878
What is the greatest common factor of 532 and 242663953?
133
What is the greatest common factor of 1608327094 and 4422?
1474
Calculate the greatest common divisor of 99 and 1221374.
11
What is the greatest common factor of 94508064 and 32928?
4704
What is the highest common divisor of 6661425 and 474?
3
Calculate the greatest common factor of 3858030 and 2574.
198
Calculate the highest common divisor of 442 and 370045.
13
Calculate the highest common divisor of 407780 and 19850.
10
What is the highest common divisor of 16283 and 98?
1
Calculate the highest common factor of 98 and 7407869.
49
What is the greatest common divisor of 444329 and 4897?
59
Calculate the greatest common divisor of 484 and 16983868.
44
What is the greatest common divisor of 11164356 and 108?
36
What is the highest common divisor of 577204 and 35708?
452
Calculate the highest common divisor of 15 and 96340515.
15
What is the greatest common factor of 5472 and 162415648?
608
Calculate the highest common divisor of 122427198 and 2209.
2209
What is the highest common factor of 3837215 and 45?
5
Calculate the greatest common factor of 1203 and 231386223.
1203
Calculate the greatest common divisor of 14 and 142609754.
14
What is the highest common divisor of 83196 and 16542?
18
What is the highest common divisor of 24663555 and 7560?
945
Calculate the highest common factor of 15834 and 153678.
42
Calculate the greatest common factor of 33573 and 176757.
57
What is the highest common divisor of 210 and 367426920?
210
Calculate the highest common factor of 285 and 948525.
15
Calculate the greatest common divisor of 24705 and 400.
5
What is the highest common factor of 824 and 10298455?
103
Calculate the highest common divisor of 228 and 4253928.
12
What is the highest common factor of 620541 and 81837?
27
What is the highest common divisor of 268 and 1869452?
4
Calculate the highest common divisor of 444604188 and 168.
84
What is the greatest common divisor of 5090910 and 2970?
330
What is the greatest common factor of 802 and 9176083?
401
Calculate the highest common divisor of 170959 and 4301.
23
Calculate the highest common divisor of 156914 and 30418.
134
Calculate the highest common divisor of 56 and 1304387.
7
Calculate the highest common divisor of 11691022 and 28.
14
Calculate the greatest common factor of 3178 and 140987203.
1589
What is the greatest common factor of 186 and 609518001?
93
What is the greatest common factor of 1522772 and 148?
148
Calculate the greatest common divisor of 1903 and 18620509.
173
Calculate the highest common divisor of 760 and 122531.
19
What is the greatest common divisor of 7380 and 6941628?
1476
Calculate the greatest common factor of 18186 and 7050972.
2598
Calculate the greatest common factor of 328986 and 784.
98
What is the highest common factor of 3135276 and 255?
51
Calculate the greatest common factor of 99 and 44289256.
11
Calculate the greatest common factor of 3913 and 7260722.
301
What is the highest common factor of 963 and 1805304?
321
What is the greatest common factor of 4114148 and 908?
908
What is the greatest common factor of 2196 and 21102736